{"id":9599,"date":"2023-12-06T18:32:04","date_gmt":"2023-12-06T18:32:04","guid":{"rendered":"https:\/\/wingpassion.de\/shop\/?post_type=product&#038;p=9599"},"modified":"2026-02-03T11:30:22","modified_gmt":"2026-02-03T11:30:22","slug":"ensis-helm-double-shell","status":"publish","type":"product","link":"https:\/\/wingpassion.de\/shop\/produkt\/ensis-helm-double-shell","title":{"rendered":"ENSIS Helm DOUBLE SHELL"},"content":{"rendered":"<p>Ein \u00e4u\u00dferst leichtgewichtiger Helm mit herausragender Sto\u00dfd\u00e4mpfung und perfekter Passform!<\/p>\n<p>Der ENSIS Double Shell Helm ist f\u00fcr den Fahrer konzipiert, der h\u00f6chste Standards beim Kopfschutz sucht. Ultraleicht, aber hochgradig sto\u00dfabsorbierend, bietet er die perfekte Passform mit ultimativem Komfort dank des Dial Fit-Systems und der weichen Innenpolsterung. Die mitgelieferten aufsteckbaren Ohrpolster sind speziell f\u00fcr eine bessere Wahrnehmung des Windes konzipiert und erleichtern es, im Einklang mit den Bedingungen zu sein. In k\u00fcrzester Zeit werden Sie vergessen, dass Sie \u00fcberhaupt einen Helm tragen.<\/p>\n<p>Erh\u00e4ltlich in <strong>zwei Farben<\/strong>:<\/p>\n<ul>\n<li>Schwarz<\/li>\n<li>Rot<\/li>\n<\/ul>\n<p>Erh\u00e4ltlich in zwei Gr\u00f6\u00dfen, die aufgrund der individuellen Einstellm\u00f6glichkeiten f\u00fcr nahezu jeden passen:<\/p>\n<ul>\n<li>Kopfumfang: 52 &#8211; 56<\/li>\n<li>Kopfumfang: 55 &#8211; 59<\/li>\n<\/ul>\n<p><strong>Lieferumfang<\/strong><br \/>\nDer ENSIS Double Shell Helm wird mit abnehmbaren Ohrpolstern geliefert<\/p>\n<div class=\"ast-oembed-container \" style=\"height: 100%;\"><iframe title=\"ENSIS Helmets: the highest standard in head protection for wingfoiling\" width=\"500\" height=\"281\" src=\"https:\/\/www.youtube.com\/embed\/eWttPYC8nXg?feature=oembed\" frameborder=\"0\" allow=\"accelerometer; autoplay; clipboard-write; encrypted-media; gyroscope; picture-in-picture; web-share\" referrerpolicy=\"strict-origin-when-cross-origin\" allowfullscreen><\/iframe><\/div>\n","protected":false},"excerpt":{"rendered":"<p>Ein \u00e4u\u00dferst leichtgewichtiger Helm mit herausragender Sto\u00dfd\u00e4mpfung und perfekter Passform!<\/p>\n","protected":false},"featured_media":9613,"template":"","meta":{"om_disable_all_campaigns":false,"_uag_custom_page_level_css":"","_monsterinsights_skip_tracking":false,"_monsterinsights_sitenote_active":false,"_monsterinsights_sitenote_note":"","_monsterinsights_sitenote_category":0,"_uf_show_specific_survey":0,"_uf_disable_surveys":false,"site-sidebar-layout":"default","site-content-layout":"","ast-site-content-layout":"default","site-content-style":"default","site-sidebar-style":"default","ast-global-header-display":"","ast-banner-title-visibility":"","ast-main-header-display":"","ast-hfb-above-header-display":"","ast-hfb-below-header-display":"","ast-hfb-mobile-header-display":"","site-post-title":"","ast-breadcrumbs-content":"","ast-featured-img":"","footer-sml-layout":"","ast-disable-related-posts":"","theme-transparent-header-meta":"default","adv-header-id-meta":"","stick-header-meta":"default","header-above-stick-meta":"","header-main-stick-meta":"","header-below-stick-meta":"","astra-migrate-meta-layouts":"set","ast-page-background-enabled":"default","ast-page-background-meta":{"desktop":{"background-color":"","background-image":"","background-repeat":"repeat","background-position":"center center","background-size":"auto","background-attachment":"scroll","background-type":"","background-media":"","overlay-type":"","overlay-color":"","overlay-opacity":"","overlay-gradient":""},"tablet":{"background-color":"","background-image":"","background-repeat":"repeat","background-position":"center center","background-size":"auto","background-attachment":"scroll","background-type":"","background-media":"","overlay-type":"","overlay-color":"","overlay-opacity":"","overlay-gradient":""},"mobile":{"background-color":"","background-image":"","background-repeat":"repeat","background-position":"center center","background-size":"auto","background-attachment":"scroll","background-type":"","background-media":"","overlay-type":"","overlay-color":"","overlay-opacity":"","overlay-gradient":""}},"ast-content-background-meta":{"desktop":{"background-color":"var(--ast-global-color-5)","background-image":"","background-repeat":"repeat","background-position":"center center","background-size":"auto","background-attachment":"scroll","background-type":"","background-media":"","overlay-type":"","overlay-color":"","overlay-opacity":"","overlay-gradient":""},"tablet":{"background-color":"var(--ast-global-color-5)","background-image":"","background-repeat":"repeat","background-position":"center center","background-size":"auto","background-attachment":"scroll","background-type":"","background-media":"","overlay-type":"","overlay-color":"","overlay-opacity":"","overlay-gradient":""},"mobile":{"background-color":"var(--ast-global-color-5)","background-image":"","background-repeat":"repeat","background-position":"center center","background-size":"auto","background-attachment":"scroll","background-type":"","background-media":"","overlay-type":"","overlay-color":"","overlay-opacity":"","overlay-gradient":""}}},"pwb-brand":[265],"product_brand":[],"product_cat":[1034,1064,445],"product_tag":[911,910,362],"class_list":{"0":"post-9599","1":"product","2":"type-product","3":"status-publish","4":"has-post-thumbnail","6":"pwb-brand-ensis","7":"product_cat-einsteiger","8":"product_cat-essentials","9":"product_cat-zubehoer","10":"product_tag-balz","11":"product_tag-helm","12":"product_tag-pro","13":"desktop-align-center","14":"tablet-align-left","15":"mobile-align-left","16":"ast-product-gallery-layout-horizontal-slider","17":"ast-product-single-variable","18":"ast-product-tabs-layout-horizontal","20":"first","21":"instock","22":"shipping-taxable","23":"purchasable","24":"product-type-variable"},"aioseo_notices":[],"uagb_featured_image_src":{"full":["https:\/\/wingpassion.de\/shop\/wp-content\/uploads\/2023\/12\/4_ENSIS-Double-Shell-Helmet-mounted-ear-pdas.jpg",600,600,false],"thumbnail":["https:\/\/wingpassion.de\/shop\/wp-content\/uploads\/2023\/12\/4_ENSIS-Double-Shell-Helmet-mounted-ear-pdas-150x150.jpg",150,150,true],"medium":["https:\/\/wingpassion.de\/shop\/wp-content\/uploads\/2023\/12\/4_ENSIS-Double-Shell-Helmet-mounted-ear-pdas-300x300.jpg",300,300,true],"medium_large":["https:\/\/wingpassion.de\/shop\/wp-content\/uploads\/2023\/12\/4_ENSIS-Double-Shell-Helmet-mounted-ear-pdas.jpg",600,600,false],"large":["https:\/\/wingpassion.de\/shop\/wp-content\/uploads\/2023\/12\/4_ENSIS-Double-Shell-Helmet-mounted-ear-pdas.jpg",600,600,false],"1536x1536":["https:\/\/wingpassion.de\/shop\/wp-content\/uploads\/2023\/12\/4_ENSIS-Double-Shell-Helmet-mounted-ear-pdas.jpg",600,600,false],"2048x2048":["https:\/\/wingpassion.de\/shop\/wp-content\/uploads\/2023\/12\/4_ENSIS-Double-Shell-Helmet-mounted-ear-pdas.jpg",600,600,false],"woocommerce_thumbnail":["https:\/\/wingpassion.de\/shop\/wp-content\/uploads\/2023\/12\/4_ENSIS-Double-Shell-Helmet-mounted-ear-pdas-450x450.jpg",450,450,true],"woocommerce_single":["https:\/\/wingpassion.de\/shop\/wp-content\/uploads\/2023\/12\/4_ENSIS-Double-Shell-Helmet-mounted-ear-pdas.jpg",600,600,false],"woocommerce_gallery_thumbnail":["https:\/\/wingpassion.de\/shop\/wp-content\/uploads\/2023\/12\/4_ENSIS-Double-Shell-Helmet-mounted-ear-pdas-100x100.jpg",100,100,true],"dgwt-wcas-product-suggestion":["https:\/\/wingpassion.de\/shop\/wp-content\/uploads\/2023\/12\/4_ENSIS-Double-Shell-Helmet-mounted-ear-pdas.jpg",64,64,false]},"uagb_author_info":{"display_name":"Gordon","author_link":"https:\/\/wingpassion.de\/shop\/author"},"uagb_comment_info":0,"uagb_excerpt":"Ein \u00e4u\u00dferst leichtgewichtiger Helm mit herausragender Sto\u00dfd\u00e4mpfung und perfekter Passform!","brands":[{"id":265,"name":"Ensis","slug":"ensis"}],"_links":{"self":[{"href":"https:\/\/wingpassion.de\/shop\/wp-json\/wp\/v2\/product\/9599","targetHints":{"allow":["GET"]}}],"collection":[{"href":"https:\/\/wingpassion.de\/shop\/wp-json\/wp\/v2\/product"}],"about":[{"href":"https:\/\/wingpassion.de\/shop\/wp-json\/wp\/v2\/types\/product"}],"version-history":[{"count":1,"href":"https:\/\/wingpassion.de\/shop\/wp-json\/wp\/v2\/product\/9599\/revisions"}],"predecessor-version":[{"id":11080,"href":"https:\/\/wingpassion.de\/shop\/wp-json\/wp\/v2\/product\/9599\/revisions\/11080"}],"wp:featuredmedia":[{"embeddable":true,"href":"https:\/\/wingpassion.de\/shop\/wp-json\/wp\/v2\/media\/9613"}],"wp:attachment":[{"href":"https:\/\/wingpassion.de\/shop\/wp-json\/wp\/v2\/media?parent=9599"}],"wp:term":[{"taxonomy":"pwb-brand","embeddable":true,"href":"https:\/\/wingpassion.de\/shop\/wp-json\/wp\/v2\/pwb-brand?post=9599"},{"taxonomy":"product_brand","embeddable":true,"href":"https:\/\/wingpassion.de\/shop\/wp-json\/wp\/v2\/product_brand?post=9599"},{"taxonomy":"product_cat","embeddable":true,"href":"https:\/\/wingpassion.de\/shop\/wp-json\/wp\/v2\/product_cat?post=9599"},{"taxonomy":"product_tag","embeddable":true,"href":"https:\/\/wingpassion.de\/shop\/wp-json\/wp\/v2\/product_tag?post=9599"}],"curies":[{"name":"wp","href":"https:\/\/api.w.org\/{rel}","templated":true}]}}