{"id":7618,"date":"2023-03-22T19:29:32","date_gmt":"2023-03-22T19:29:32","guid":{"rendered":"https:\/\/wingpassion.de\/shop\/\/agb"},"modified":"2025-02-04T11:44:18","modified_gmt":"2025-02-04T11:44:18","slug":"agb","status":"publish","type":"page","link":"https:\/\/wingpassion.de\/shop\/agb","title":{"rendered":"AGB"},"content":{"rendered":"\n<div style=\"height:100px\" aria-hidden=\"true\" class=\"wp-block-spacer\"><\/div>\n\n\n\n<h1 class=\"wp-block-heading\">ABG &#8211; Allgemeine Gesch\u00e4ftsbedingungen<\/h1>\n\n\n\n<p><strong>\u00a71 GELTUNG GEGEN\u00dcBER VERBRAUCHERN UND BEGRIFFSDEFINITION<\/strong><br>(1) Die nachfolgenden Allgemeinen Gesch\u00e4ftsbedingungen gelten f\u00fcr alle Lieferungen zwischen uns und einem Verbraucher in ihrer zum Zeitpunkt der Bestellung g\u00fcltigen Fassung.<br>(2) \u201eVerbraucher\u201c in Sinne dieser Gesch\u00e4ftsbedingungen ist jede nat\u00fcrliche Person, die ein Rechtsgesch\u00e4ft zu einem Zwecke abschlie\u00dft, der weder ihrer gewerblichen noch ihrer selbst\u00e4ndigen beruflichen T\u00e4tigkeit zugerechnet werden kann.<\/p>\n\n\n\n<p><strong>\u00a72 ZUSTANDEKOMMEN EINES VERTRAGES, SPEICHERUNG DES VERTRAGSTEXTES<\/strong><br>(1) Die folgenden Regelungen \u00fcber den Vertragsabschluss gelten f\u00fcr Bestellungen \u00fcber unseren Internetshop https:\/\/wingpassion.de\/shop<br>(2) Im Falle des Vertragsschlusses kommt der Vertrag mit Eckardt Matheis de Graaf GbR, Wingpassion.de &#8211; Onlinehandel, Steinkampberg 15, 24235 Laboe, zustande.<br>(3) Die Pr\u00e4sentation der Waren in unserem Internetshop stellen kein rechtlich bindendes Vertragsangebot unsererseits dar, sondern sind nur eine unverbindliche Aufforderungen an den Verbraucher, Waren zu bestellen. Mit der Bestellung der gew\u00fcnschten Ware gibt der Verbraucher ein f\u00fcr ihn verbindliches Angebot auf Abschluss eines Kaufvertrages ab.<br>Die Annahme des Angebots erfolgt schriftlich oder in Textform oder durch \u00dcbersendung der bestellten Ware innerhalb von einer Woche. Nach fruchtlosem Ablauf der Frist gilt das Angebot als abgelehnt.<br>(4) Bei Eingang einer Bestellung in unserem Internetshop gelten folgende Regelungen: Der Verbraucher gibt ein bindendes Vertragsangebot ab, indem er die in unserem Internetshop vorgesehene Bestellprozedur erfolgreich durchl\u00e4uft.<\/p>\n\n\n\n<p>Die Bestellung erfolgt in folgenden Schritten:<br>1) Auswahl der gew\u00fcnschten Ware<br>2) Best\u00e4tigen durch Anklicken der Buttons \u201eBestellen\u201c<br>3) Pr\u00fcfung der Angaben im Warenkorb<br>4) Bet\u00e4tigung des Buttons \u201ezur Kasse\u201c<br>5) Anmeldung im Internetshop nach Registrierung und Eingabe der Anmelderangaben (E-Mail-Adresse und Passwort).<br>6) Versandart ausw\u00e4hlen<br>7) Zahlungsart ausw\u00e4hlen<br>8) Verbindliche Absendung der Bestellung.<\/p>\n\n\n\n<p>Der Verbraucher kann vor dem verbindlichen Absenden der Bestellung durch Bet\u00e4tigen der in dem von ihm verwendeten Internet-Browser enthaltenen \u201eZur\u00fcck\u201c-Taste nach Kontrolle seiner Angaben wieder zu der Internetseite gelangen, auf der die Angaben des Kunden erfasst werden und Eingabefehler berichtigen bzw. durch Schlie\u00dfen des Internetbrowsers den Bestellvorgang abbrechen. Wir best\u00e4tigen den Eingang der Bestellung unmittelbar durch eine automatisch generierte E-Mail (Eingangsbest\u00e4tigung). Diese stellt noch keine Annahme des Angebotes dar. Die Annahme des Angebots erfolgt schriftlich, in Textform oder durch \u00dcbersendung der bestellten Ware innerhalb einer Woche.<br>(5) Speicherung des Vertragstextes bei Bestellungen \u00fcber unseren Internetshop. Wir speichern den Vertragstext und senden Ihnen die Bestelldaten und unsere AGB per E-Mail zu. Die AGB k\u00f6nnen Sie jederzeit auch unter https:\/\/wingpassion.de\/shop\/agb einsehen. Ihre vergangenen Bestellungen k\u00f6nnen Sie in unserem Kunden-Bereich unter Mein Konto &#8211;&gt; Meine Bestellungen einsehen.<\/p>\n\n\n\n<p><strong>\u00a73 PREISE, VERSANDKOSTEN, ZAHLUNG, F\u00c4LLIGKEIT<\/strong><br>(1) Die angegebenen Preise enthalten die gesetzliche Umsatzsteuer \/ Mehrwertsteuer und sonstige Preisbestandteile. Hinzu kommen etwaige Versandkosten.<br>(2) Der Verbraucher hat die M\u00f6glichkeit der Zahlung per Vorkasse, PayPal, SOFORT \u00dcberweisung, Nachnahme, Bank\u00fcberweisung.<br>(3) Hat der Verbraucher die Zahlung per Vorkasse gew\u00e4hlt, so verpflichtet er sich, den Kaufpreis unverz\u00fcglich nach Vertragsschluss zu zahlen.<\/p>\n\n\n\n<p><strong>\u00a74 LIEFERUNG UND GEFAHR\u00dcBERGANG<\/strong><br>(1) Sofern wir dies in der Produktbeschreibung nicht deutlich anders angegeben haben, sind alle von uns angebotenen Artikel sofort versandfertig.<br>(2) Hat der Verbraucher die Zahlung per Vorkasse gew\u00e4hlt, so versenden wir die Ware nicht vor Zahlungseingang.<br>(3) Erf\u00fcllungsstandort ist Wingpassion Laboe. Die Gefahr, dass das gew\u00fcnschte Produkt zuf\u00e4llig zerst\u00f6rt oder besch\u00e4digt wird geht erst auf den Verbraucher \u00fcber, sobald er die Ware in Empfang genommen hat.<br>(4) Der Verbraucher ist verpflichtet, die bestellten und vom Versanddienst gelieferten Produkte vor der Annahme auf Besch\u00e4digung zu pr\u00fcfen und bei Besch\u00e4digung das Produkt nicht anzunehmen. Mit der Empfangsbest\u00e4tigung wird der ordnungsgem\u00e4\u00dfe und einwandfreie Erhalt des Produkts best\u00e4tigt.<\/p>\n\n\n\n<p><strong>\u00a75 EIGENTUMSVORBEHALT<\/strong><br>Wir behalten uns das Eigentum an der Ware bis zur vollst\u00e4ndigen Bezahlung des Kaufpreises vor.<\/p>\n\n\n\n<p><strong>\u00a76 WIDERRUFSRECHT<\/strong><br>Sie k\u00f6nnen Ihre Vertragserkl\u00e4rung innerhalb von 14 Tagen ohne Angabe von Gr\u00fcnden in Textform (z. B. Brief, Fax, E-Mail) oder \u2013 wenn Ihnen die Sache vor Fristablauf \u00fcberlassen wird \u2013 auch durch R\u00fccksendung der Sache widerrufen. Die Frist beginnt nach Erhalt dieser Belehrung in Textform, jedoch nicht vor Eingang der Ware beim Empf\u00e4nger (bei der wiederkehrenden Lieferung gleichartiger Waren nicht vor Eingang der ersten Teillieferung) und auch nicht vor Erf\u00fcllung unserer Informationspflichten gem\u00e4\u00df Artikel 246 \u00a7 2 in Verbindung mit \u00a7 1 Abs. 1 und 2 EGBGB sowie unserer Pflichten gem\u00e4\u00df \u00a7 312g Abs. 1 Satz 1 BGB in Verbindung mit Artikel 246 \u00a7 3 EGBGB. Zur Wahrung der Widerrufsfrist gen\u00fcgt die rechtzeitige Absendung des Widerrufs oder der Sache.<\/p>\n\n\n\n<p>Der Widerruf ist zu richten an:<br>Eckardt Matheis de Graaf GbR, Wingpassion-Shop Onlinehandel, Steinkampberg 15, 24235 Laboe<br>E-Mail info@wingpassion.shop<\/p>\n\n\n\n<p><strong>WIDERRUFSFOLGEN<\/strong><strong><\/strong><br>Im Falle eines wirksamen Widerrufs sind die beiderseits empfangenen Leistungen zur\u00fcckzugew\u00e4hren und ggf. gezogene Nutzungen (z. B. Zinsen) herauszugeben. K\u00f6nnen Sie uns die empfangene Leistung sowie Nutzungen (z. B. Gebrauchsvorteile) nicht oder teilweise nicht oder nur in verschlechtertem Zustand zur\u00fcckgew\u00e4hren beziehungsweise herausgeben, m\u00fcssen Sie uns insoweit Wertersatz leisten. F\u00fcr die Verschlechterung der Sache und f\u00fcr gezogene Nutzungen m\u00fcssen Sie Wertersatz nur leisten, soweit die Nutzungen oder die Verschlechterung auf einen Umgang mit der Sache zur\u00fcckzuf\u00fchren ist, der \u00fcber die Pr\u00fcfung der Eigenschaften und der Funktionsweise hinausgeht. Unter \u201ePr\u00fcfung der Eigenschaften und der Funktionsweise\u201c versteht man das Testen und Ausprobieren der jeweiligen Ware, wie es etwa im Ladengesch\u00e4ft m\u00f6glich und \u00fcblich ist.<\/p>\n\n\n\n<p>Paketversandf\u00e4hige Sachen sind auf unsere Gefahr zur\u00fcckzusenden. Sie haben die Kosten der R\u00fccksendung zu tragen. Verpflichtungen zur Erstattung von Zahlungen m\u00fcssen innerhalb von 30 Tagen erf\u00fcllt werden. Die Frist beginnt f\u00fcr Sie mit der Absendung Ihrer Widerrufserkl\u00e4rung oder der Sache, f\u00fcr uns mit deren Empfang.<\/p>\n\n\n\n<p>Ende der Widerrufsbelehrung<\/p>\n\n\n\n<p><strong>\u00a77 VERTRAGLICHE REGELUNG BEZ\u00dcGLICH DER R\u00dcCKSENDEKOSTEN BEI WIDERRUF<\/strong><br>Sollten Sie von Ihrem Widerrufsrecht Gebrauch machen, so gilt im Einklang mit der EU Verbraucher Richtlinie vom 13. Juni zum Online Versand, dass die Kosten vom Kunden zu tragen sind.<\/p>\n\n\n\n<p><strong>\u00a78 VERTRAGSSPRACHE<\/strong><strong><\/strong><br>Als Vertragssprache steht ausschlie\u00dflich Deutsch zur Verf\u00fcgung.<\/p>\n\n\n\n<p>Stand der AGB Januar 2023<\/p>\n\n\n\n<p><strong>\u00a79 Gewinnspielteilnahme- und Datenschutzbedingungen gem. &nbsp;\u00a7 4 Nr.5 UWG&nbsp;<\/strong><\/p>\n\n\n\n<ol class=\"wp-block-list\">\n<li><strong>Veranstalter<\/strong>: Dieses Gewinnspiel wird durchgef\u00fchrt von der Eckardt Matheis de Graaf GbR.<\/li>\n\n\n\n<li><strong>Teilnahmeberechtigung<\/strong>: Teilnahmeberechtigt sind alle nat\u00fcrlichen Personen, die mindestens 18 Jahre alt sind und die Webseite des Online-Magazins besuchen. Mitarbeiter des Veranstalters sowie deren Angeh\u00f6rige sind von der Teilnahme ausgeschlossen.<\/li>\n\n\n\n<li><strong>Ausschluss von Gewinnspielunternehmen<\/strong>: Gewinnspielunternehmen und Gewinnspielservices sowie deren Mitarbeiter sind von der Teilnahme ausgeschlossen.<\/li>\n\n\n\n<li><strong>Teilnahmeverfahren<\/strong>: Um am Gewinnspiel teilzunehmen, m\u00fcssen die Teilnehmer ihren Vor- und Nachnamen sowie ihre E-Mail-Adresse \u00fcber das auf der Webseite bereitgestellte Teilnahmeformular hinterlassen.<\/li>\n\n\n\n<li><strong>Datenschutz<\/strong>: Mit der Teilnahme am Gewinnspiel erkl\u00e4ren sich die Teilnehmer einverstanden, dass ihre pers\u00f6nlichen Daten f\u00fcr die Durchf\u00fchrung und Abwicklung des Gewinnspiels gespeichert und genutzt werden d\u00fcrfen. Weitere Informationen zum Datenschutz finden sich in der Datenschutzerkl\u00e4rung des Online-Magazins.<\/li>\n\n\n\n<li><strong>Preise<\/strong>: Die zu gewinnenden Preise sind Eintrittskarten f\u00fcr die Boot 2024 in D\u00fcsseldorf.<\/li>\n\n\n\n<li><strong>Gewinnerermittlung und -benachrichtigung<\/strong>: Die Gewinner werden nach dem Zufallsprinzip aus allen g\u00fcltigen Teilnehmern ausgew\u00e4hlt und per E-Mail benachrichtigt.<\/li>\n\n\n\n<li><strong>Haftungsausschluss<\/strong>: Der Veranstalter haftet nicht f\u00fcr technische Probleme, die die Teilnahme am Gewinnspiel beeintr\u00e4chtigen.<\/li>\n\n\n\n<li><strong>\u00c4nderungsvorbehalt<\/strong>: Der Veranstalter beh\u00e4lt sich das Recht vor, die Teilnahmebedingungen jederzeit zu \u00e4ndern.<\/li>\n\n\n\n<li><strong>Rechtsweg<\/strong>: Der Rechtsweg ist ausgeschlossen.<\/li>\n\n\n\n<li><strong>Sonstiges: <\/strong>Sollten einzelne Bestimmungen dieser Teilnahmebedingungen unwirksam sein oder werden, so wird dadurch die Rechtswirksamkeit der \u00fcbrigen Teilnahmebedingungen nicht ber\u00fchrt. An ihre Stelle tritt eine angemessene Regelung, die dem Zweck der unwirksamen Bestimmungen am ehesten entspricht.<\/li>\n<\/ol>\n\n\n\n<p><br>&nbsp;<\/p>\n","protected":false},"excerpt":{"rendered":"<p>ABG &#8211; Allgemeine Gesch\u00e4ftsbedingungen \u00a71 GELTUNG GEGEN\u00dcBER VERBRAUCHERN UND BEGRIFFSDEFINITION(1) Die nachfolgenden Allgemeinen Gesch\u00e4ftsbedingungen gelten f\u00fcr alle Lieferungen zwischen uns und einem Verbraucher in ihrer zum Zeitpunkt der Bestellung g\u00fcltigen Fassung.(2) \u201eVerbraucher\u201c in Sinne dieser Gesch\u00e4ftsbedingungen ist jede nat\u00fcrliche Person, die ein Rechtsgesch\u00e4ft zu einem Zwecke abschlie\u00dft, der weder ihrer gewerblichen noch ihrer selbst\u00e4ndigen beruflichen [&hellip;]<\/p>\n","protected":false},"author":1,"featured_media":0,"parent":0,"menu_order":0,"comment_status":"closed","ping_status":"closed","template":"","meta":{"om_disable_all_campaigns":false,"_uag_custom_page_level_css":"","_monsterinsights_skip_tracking":false,"_monsterinsights_sitenote_active":false,"_monsterinsights_sitenote_note":"","_monsterinsights_sitenote_category":0,"_uf_show_specific_survey":0,"_uf_disable_surveys":false,"site-sidebar-layout":"default","site-content-layout":"","ast-site-content-layout":"default","site-content-style":"default","site-sidebar-style":"default","ast-global-header-display":"","ast-banner-title-visibility":"","ast-main-header-display":"","ast-hfb-above-header-display":"","ast-hfb-below-header-display":"","ast-hfb-mobile-header-display":"","site-post-title":"","ast-breadcrumbs-content":"","ast-featured-img":"","footer-sml-layout":"","ast-disable-related-posts":"","theme-transparent-header-meta":"","adv-header-id-meta":"","stick-header-meta":"","header-above-stick-meta":"","header-main-stick-meta":"","header-below-stick-meta":"","astra-migrate-meta-layouts":"set","ast-page-background-enabled":"default","ast-page-background-meta":{"desktop":{"background-color":"","background-image":"","background-repeat":"repeat","background-position":"center center","background-size":"auto","background-attachment":"scroll","background-type":"","background-media":"","overlay-type":"","overlay-color":"","overlay-opacity":"","overlay-gradient":""},"tablet":{"background-color":"","background-image":"","background-repeat":"repeat","background-position":"center center","background-size":"auto","background-attachment":"scroll","background-type":"","background-media":"","overlay-type":"","overlay-color":"","overlay-opacity":"","overlay-gradient":""},"mobile":{"background-color":"","background-image":"","background-repeat":"repeat","background-position":"center center","background-size":"auto","background-attachment":"scroll","background-type":"","background-media":"","overlay-type":"","overlay-color":"","overlay-opacity":"","overlay-gradient":""}},"ast-content-background-meta":{"desktop":{"background-color":"var(--ast-global-color-5)","background-image":"","background-repeat":"repeat","background-position":"center center","background-size":"auto","background-attachment":"scroll","background-type":"","background-media":"","overlay-type":"","overlay-color":"","overlay-opacity":"","overlay-gradient":""},"tablet":{"background-color":"var(--ast-global-color-5)","background-image":"","background-repeat":"repeat","background-position":"center center","background-size":"auto","background-attachment":"scroll","background-type":"","background-media":"","overlay-type":"","overlay-color":"","overlay-opacity":"","overlay-gradient":""},"mobile":{"background-color":"var(--ast-global-color-5)","background-image":"","background-repeat":"repeat","background-position":"center center","background-size":"auto","background-attachment":"scroll","background-type":"","background-media":"","overlay-type":"","overlay-color":"","overlay-opacity":"","overlay-gradient":""}},"footnotes":""},"class_list":["post-7618","page","type-page","status-publish","hentry"],"aioseo_notices":[],"uagb_featured_image_src":{"full":false,"thumbnail":false,"medium":false,"medium_large":false,"large":false,"1536x1536":false,"2048x2048":false,"woocommerce_thumbnail":false,"woocommerce_single":false,"woocommerce_gallery_thumbnail":false,"dgwt-wcas-product-suggestion":false},"uagb_author_info":{"display_name":"Gordon","author_link":"https:\/\/wingpassion.de\/shop\/author\/gordon"},"uagb_comment_info":0,"uagb_excerpt":"ABG &#8211; Allgemeine Gesch\u00e4ftsbedingungen \u00a71 GELTUNG GEGEN\u00dcBER VERBRAUCHERN UND BEGRIFFSDEFINITION(1) Die nachfolgenden Allgemeinen Gesch\u00e4ftsbedingungen gelten f\u00fcr alle Lieferungen zwischen uns und einem Verbraucher in ihrer zum Zeitpunkt der Bestellung g\u00fcltigen Fassung.(2) \u201eVerbraucher\u201c in Sinne dieser Gesch\u00e4ftsbedingungen ist jede nat\u00fcrliche Person, die ein Rechtsgesch\u00e4ft zu einem Zwecke abschlie\u00dft, der weder ihrer gewerblichen noch ihrer selbst\u00e4ndigen beruflichen&hellip;","_links":{"self":[{"href":"https:\/\/wingpassion.de\/shop\/wp-json\/wp\/v2\/pages\/7618","targetHints":{"allow":["GET"]}}],"collection":[{"href":"https:\/\/wingpassion.de\/shop\/wp-json\/wp\/v2\/pages"}],"about":[{"href":"https:\/\/wingpassion.de\/shop\/wp-json\/wp\/v2\/types\/page"}],"author":[{"embeddable":true,"href":"https:\/\/wingpassion.de\/shop\/wp-json\/wp\/v2\/users\/1"}],"replies":[{"embeddable":true,"href":"https:\/\/wingpassion.de\/shop\/wp-json\/wp\/v2\/comments?post=7618"}],"version-history":[{"count":8,"href":"https:\/\/wingpassion.de\/shop\/wp-json\/wp\/v2\/pages\/7618\/revisions"}],"predecessor-version":[{"id":10248,"href":"https:\/\/wingpassion.de\/shop\/wp-json\/wp\/v2\/pages\/7618\/revisions\/10248"}],"wp:attachment":[{"href":"https:\/\/wingpassion.de\/shop\/wp-json\/wp\/v2\/media?parent=7618"}],"curies":[{"name":"wp","href":"https:\/\/api.w.org\/{rel}","templated":true}]}}